 21*r**3 + 13*r**2 + 69*r - 450. Is n(19) a composite number?
True
Suppose 3*i - 124 = -5*k, 4*k + 64 = i - 0*k. Is 0 + 4 + 8/(i/54222) a prime number?
True
Let i(t) = -220*t + 5. Let d(f) = -220*f + 4. Let n(s) = -2*d(s) + 3*i(s). Let o be n(-3). Let c = o + -368. Is c prime?
False
Suppose -54*r = -57*r - 3*q + 186084, 5*r - 310143 = -2*q. Is r composite?
True
Let q(l) = -l - 6. Let z be q(-6). Suppose z = 33*x - 85225 - 251606. Is x a prime number?
False
Let v(o) = -o**3 + o**2 + 12*o - 11. Let k be v(4). Let r(d) = -5*d + 12. Let m be r(5). Is -7*395/(-1) + (k - m) prime?
True
Let v = 448 - 671. Let i = -963 - -1423. Let d = i + v. Is d a composite number?
True
Let g = 7236 - 14195. Let y = g + 23062. Is y a prime number?
True
Is (-2)/(-27) - (-36863710)/1242 composite?
True
Let y(k) = -3 + 2*k**2 - k**2 - 4*k + 6. Let w be y(4). Suppose -4*j + 4*d - w*d = -5479, 5*d = -3*j + 4138. Is j a prime number?
False
Let a(l) = l**2 - 3*l + 13. Let o be a(0). Suppose -110 = -3*j + o. Let z = j - 22. Is z a composite number?
False
Let s(a) = a**3 + 4*a**2 + 2*a - 1. Let h be s(-2). Let m(f) = 6628*f**2 - 8*f + 19. Is m(h) a prime number?
False
Let s be (0/(-3))/(4/6*3). Suppose 3*r + 0*f + 4*f + 7 = s, r + 4*f = -13. Suppose -5*p + 3*g = -2098, r*p - 2*g - 421 = 2*p. Is p a composite number?
False
Let f(l) = 12*l - 3. Let s be f(0). Is ((-4455)/44 + 6)/(s/52) prime?
False
Let a be (24 - 30)/(1/(-2)). Let j(t) = -8*t**2 + t + 11. Let y(m) = -17*m**2 + 3*m + 22. Let s(h) = -5*j(h) + 2*y(h). Is s(a) composite?
True
Let f(q) = -3*q**3 - 9*q**2 - 5*q - 3. Suppose -3*v - 1 = 14. Let o be f(v). Suppose j = 3*j - o. Is j prime?
False
Let g(y) = 105*y - 149. Is g(4) a prime number?
True
Suppose 5*s - 2141873 = -4*k, 2*s - 5*k - 820266 = 36437. Is s a prime number?
True
Let w be ((-20)/40)/((-2)/(-13096)*-2). Is -1*(-1 + -2 - -2)*w prime?
True
Let s(d) = -13*d**2 - 6*d - 4. Suppose 2*y = -12 + 4. Let m(t) = 14*t**2 + 7*t + 4. Let f(b) = y*m(b) - 5*s(b). Is f(-3) composite?
False
Let n be 3 + -3 + 189 - -2. Let j = n + 346. Suppose -5*f - 1875 = -5*x, f + j = 5*x - 1354. Is x a prime number?
True
Is ((-2052755)/5)/(14 - 15) prime?
True
Suppose g = -3*p + 24, -5 = 4*p - 3*g - 24. Suppose 8*i - 3274 = p*i - 5*o, -4*o + 13096 = 4*i. Is i a prime number?
False
Let i = 29546 + -10425. Is i a prime number?
True
Let s(u) = -7*u + 38. Let v be s(5). Suppose -w - 2*p = -1159, -14*w + 10*w = -v*p - 4592. Is w prime?
True
Is (-4)/6 - 15664644/(-216)*2/3 composite?
True
Suppose -4*c - 316 = -44. Let s = c - 70. Is 2 - -1 - s/3 prime?
False
Let z(s) = 99*s - 142. Let n be (6/(-4))/(9/(-30)). Is z(n) composite?
False
Is 3/(-2) + (34 - 53) + 650646/4 a composite number?
False
Let x = 29 - 26. Suppose -3*p + 33 = 5*r, x*r = p + 2*p - 9. Let c(y) = 37*y - 11. Is c(p) prime?
True
Let m = -146 + 170. Suppose -m*i = -20*i - 66716. Is i a prime number?
False
Suppose 4*b + 3*i = -0*b - 63, -i = -2*b - 29. Let o = b + 18. Suppose 2*d - 3*t = 1369 + 2403, -5*t = o*d - 5677. Is d prime?
True
Suppose 95*o - 63681711 = 38*o. Is o a composite number?
True
Suppose r = 4*y - 692992, -1373*y = -1377*y + 3*r + 692984. Is y a composite number?
False
Let j(t) = -2*t**3 - 14*t**2 + 15*t + 3. Let q be j(-8). Suppose q*b = 33611 + 71846. Is b prime?
True
Suppose 1347594 = 6*q + 7*q + u, 4*u - 518309 = -5*q. Is q prime?
False
Let i(n) = 9514*n**2 + 12*n - 17. Is i(-3) composite?
True
Suppose -5310 = -2*o - 2*r + 4*r, 2665 = o + r. Suppose 0 = -10*w + 14*w - o. Let c = -132 + w. Is c a composite number?
True
Let s(q) = 2801*q - 12. Suppose 14*h - 5*l = 15*h - 26, -3*h - l = -8. Is s(h) a composite number?
False
Let g be (2/(-14) + (-10)/(-70))/(-4). Suppose -4*u - 7*u + 57497 = g. Is u composite?
False
Let d = -5286 + 10193. Let a = d + -2454. Is a a composite number?
True
Suppose 5*s + u = 6653, 5*s - 10*u = -8*u + 6659. Suppose 3*z = s + 346. Is z a prime number?
False
Suppose -81*s + 23931212 + 29623492 = -33*s. Is s a composite number?
True
Suppose 2*h - a + 1 = 0, 2*h + a = -a - 10. Let y = h - 6. Let c(o) = 3*o**2 - 5*o - 9. Is c(y) a composite number?
False
Let j be (5/(-10)*5)/(1/(-1594)). Let q = j + 2212. Is q a composite number?
False
Let a(r) = -r**3 + 6*r**2 - 7*r + 15. Let m = 68 + -63. Let k be a(m). Suppose -4*u - 6*g + k*g = -12361, 3*u + g - 9272 = 0. Is u a prime number?
True
Is (1 + -2)*(-7 + (0 + -935203 - 3)) a composite number?
False
Let r be (-46)/(-9) + ((-280)/(-72) - 4). Suppose -3*j + 0*d + 12162 = r*d, -16190 = -4*j + 2*d. Is j a prime number?
True
Let p(f) be the second derivative of 5/6*f**3 - 3/20*f**5 + 0 - 6*f**2 - 23*f - 1/4*f**4. Is p(-5) a prime number?
True
Let b(u) = -u**2 + 13*u - 12. Let f be b(13). Let a(j) = -4 - 3 - 126*j + 4 + 2. Is a(f) composite?
False
Let t(b) = -2*b**2 + 6*b - 5. Let a be t(4). Let f = 13 + a. Is (-1 + f)/((-4)/3956)*1 prime?
False
Let s = -343 - -343. Suppose -3*n - 109 + 6256 = s. Is n a prime number?
False
Suppose -5*u = -r - 3*u + 9, -2*r + 18 = 4*u. Suppose 7*a + 2534 = r*a. Is a a composite number?
True
Suppose x + y - 3*y - 2659 = 0, 2*x - 5*y = 5317. Suppose 4475 = -8*t - x. Let d = t + 1371. Is d a prime number?
True
Let p(s) = s + 19. Let t be p(-9). Let b(i) = -i**3 + 12*i**2 - 19*i - 7. Let o be b(t). Suppose -3*j + 1491 = -h, j = o*h - 6*h + 497. Is j a composite number?
True
Suppose 5*c - 99*i - 641549 = -102*i, 5*c - 641551 = -2*i. Is c prime?
True
Suppose 2*p = -c + 21, -c = -p + 6 - 3. Suppose -p*u + u = 42. Is 2*3/u + 542 prime?
True
Let z = 62334 + 263. Is z a prime number?
True
Let d(k) = 371*k**3 - 50*k**2 + 6*k - 11. Is d(18) a prime number?
True
Let a = -19 - -19. Suppose -2*r - y + a = -4, -5*r + y + 17 = 0. Is (-4 + 3 - r) + 63 a prime number?
True
Let o(u) = 3915*u**2 + 36*u - 389. Is o(8) prime?
False
Let l be (34400/40)/((2 - 1)/1). Suppose -4*c + 13309 + l = 5*v, -5*v = -2*c - 14163. Is v composite?
False
Suppose 3*s = q + 203 + 222, -2*q = 3*s + 886. Suppose -2*o + 38 = 36, 0 = 3*d - 2*o + 11. Is 6/3 - (q + -1 + d) a prime number?
True
Let z be (31 - 32)*(-6 - (-1)/(-1)). Suppose 9*c = -2*c + z*c. Suppose c = -3*b + 4*u + u + 212, b - 59 = 4*u. Is b a composite number?
False
Suppose -274*c + 2071994 = 331888 - 3213540. Is c a prime number?
False
Let b = 2459436 + -1365451. Is b a prime number?
False
Let a be ((-133)/(-28))/((-2)/(-16)). Let x = a - 31. Suppose -2*j + 928 = 2*c, -2*j = -x*j + 3*c + 2344. Is j composite?
False
Let v(m) = -1054*m + 11. Let r = 18 + -20. Is v(r) a composite number?
True
Let m be (-3)/(1 + (-6)/4). Is 508 - 14 - (-1 - (-2 + m)) a prime number?
True
Let s(z) = 23*z**2 + 4*z + 1. Let w be s(-6). Let r be 6*10/(-150)*20. Let v = w + r. Is v a composite number?
False
Let v = 11569 - 4508. Is v a composite number?
True
Suppose 185 = 5*l + 250. Let b(j) = 2*j**3 + 38*j**2 + 20*j - 9. Is b(l) a prime number?
True
Let f(t) = 1019*t**2 + 42*t - 170. Let b be f(4). Suppose -3*o + a = -b, 4*o + 2*a - 21725 = 7*a. Is o composite?
True
Let q(j) = -j**3 + 20*j**2 + 28*j. Let w be q(10). Suppose 5*t - 9080 = 5*r, 0 = -2*t + 4*r - w + 4902. Is t a composite number?
True
Let w = -10146 + -1921. Let s = w - -33614. Is s prime?
False
Suppose 15*u - 271517 = 230338. Is u a composite number?
False
Let t = 3286 + -30320. Let w = 46407 + t. Is w prime?
True
Let v = 53 - 53. Suppose 2*o + v*n - n - 185 = 0, -3*o + 267 = 2*n. Let j = 206 - o. Is j prime?
False
Suppose -c = 147*z - 146*z - 393803, 0 = -c - 2*z + 393803. Is c a prime number?
False
Let h be (2 + -4)*5/2. Let k be 12/(12/(-4)) + h. Is k/(36/(-8)) - -1203 a composite number?
True
Let o = 908 + -509. Let z = o - 600. Is (z/12)/((-134)/(-136) - 1) a composite number?
True
Let k(h) = 231*h**2 + 16*h + 4. Let b be k(-5). Suppose 0 = -5*x - i + 5739 + b, 2*i = 6. Is x a prime number?
True
Suppose 83 = b - 5*b + 5*j, -3*b + 4*j = 63. Let v(x) = 7*x**2 + 39*x + 1. Is v(b) prime?
True
Suppose 3*u - 152888 - 206008 = 0. Suppose -5*j - 11*j + u = 0. Is j composite?
False
Is (10/(-25)*1)/((-68)/95710) composite?
False
Suppose -4*d - 3*a = -8*a, 0 = -2*a. Suppose 36*n - 33*n - 7257 = d. Is n composite?
True
Suppose 1241325 = 17*t + 123524. Is t composite?
True
Let j(z) = 4*z**2 - 7*z - 24*z**2 + 12*z**2 + 11 + 9*z**2. Let i be j(6). Suppose -2*h 